{"id":91,"date":"2023-02-23T15:48:37","date_gmt":"2023-02-23T15:48:37","guid":{"rendered":"https:\/\/agroforestryalliance.com\/?page_id=91"},"modified":"2023-07-14T09:29:59","modified_gmt":"2023-07-14T09:29:59","slug":"accueil","status":"publish","type":"page","link":"https:\/\/agroforestryalliance.com\/index.php\/accueil\/","title":{"rendered":"Accueil"},"content":{"rendered":"\n<div class=\"wp-block-columns is-layout-flex wp-container-core-columns-is-layout-9d6595d7 wp-block-columns-is-layout-flex\">\n<div class=\"wp-block-column is-layout-flow wp-block-column-is-layout-flow\" style=\"flex-basis:100%\">\n<div class=\"wp-block-columns is-layout-flex wp-container-core-columns-is-layout-9d6595d7 wp-block-columns-is-layout-flex\">\n<div class=\"wp-block-column is-layout-flow wp-block-column-is-layout-flow\"><div class=\"wp-block-image\">\n<figure class=\"alignright size-full\"><img loading=\"lazy\" decoding=\"async\" width=\"239\" height=\"324\" src=\"https:\/\/agroforestryalliance.com\/wp-content\/uploads\/2023\/07\/Annick.png\" alt=\"\" class=\"wp-image-252\" srcset=\"https:\/\/agroforestryalliance.com\/wp-content\/uploads\/2023\/07\/Annick.png 239w, https:\/\/agroforestryalliance.com\/wp-content\/uploads\/2023\/07\/Annick-221x300.png 221w\" sizes=\"auto, (max-width: 239px) 100vw, 239px\" \/><\/figure>\n<\/div>\n\n\n<p><\/p>\n\n\n\n<p class=\"has-text-align-center\"><strong><em>Dr Annick Victoire KOULIBALY est actuellement <\/em><\/strong><\/p>\n\n\n\n<p class=\"has-text-align-left\">Enseignant-chercheur au Laboratoire d\u2019Am\u00e9lioration de la Production de l\u2019Unit\u00e9 de Formation et de Recherche en Agroforesterie, de l\u2019Universit\u00e9 Jean Lorougnon Gu\u00e9d\u00e9. Elle est titulaire d\u2019un Doctorat en Botanique et Biologie V\u00e9g\u00e9tale option Gestion des Ressources Naturelles. Ses enseignements concernent la biodiversit\u00e9, l\u2019\u00e9cologie, les syst\u00e8mes agroforestiers et les services \u00e9cosyst\u00e9miques qu\u2019ils fournissent. Elle participe \u00e0 la formation d\u2019apprenants venant de divers milieux socio-\u00e9conomiques (\u00e9tudiants, travailleurs et agriculteurs). Ses recherches portent principalement sur l\u2019agroforesterie \u00e0 travers la cr\u00e9ation d\u2019outils agricoles d\u2019optimisation de syst\u00e8mes agroforestiers traditionnels \u00e0 cacaoyers et anacardiers. Elle enregistre pr\u00e8s de 20 ans de travaux de recherche sur l\u2019agroforesterie qui ont fait l\u2019objet de publications dans de nombreux journaux \u00e0 comit\u00e9 de lecture et \u00e0 impact facteur. Ses travaux au Nord, Centre, Ouest et maintenant Est de la C\u00f4te d\u2019Ivoire, ont permis de faire des pr\u00e9dictions et des recommandations pour une co-conception (Etat, producteurs et parties prenantes) de mod\u00e8les agricoles adapt\u00e9s. Son exp\u00e9rience des \u00e9tudes interdisciplinaires en Afrique ont conduit \u00e0 sa nomination comme Responsable du R\u00e9seau Th\u00e9matique \u00ab&nbsp;Agriculture et gestion durable de la biodiversit\u00e9&nbsp;\u00bb du Conseil Africain Malgache pour l\u2019Enseignement Sup\u00e9rieur (CAMES) dont l\u2019objectif est de mettre en relation l\u2019ensemble des initiatives socio-politiques et scientifique pour la gestion de la biodiversit\u00e9 au regard de la dynamique agricole et du changement climatique.<\/p>\n<\/div>\n<\/div>\n<\/div>\n<\/div>\n\n\n\n<p>Le <strong>G<\/strong>roupe de <strong>R<\/strong>echerche <strong>I<\/strong>nter <strong>D<\/strong>isciplinaire en <strong>A<\/strong>groforesterie en abr\u00e9g\u00e9 \u00ab&nbsp;<strong>GRIDA<\/strong>\u00bb est une \u00e9quipe de recherche constitu\u00e9e d\u2019Enseignants-chercheurs et de Chercheurs, sp\u00e9cialistes de divers disciplines et d\u00e9sireux de contribuer \u00e0 la promotion de l\u2019agroforesterie et \u00e0 l\u2019optimisation des syst\u00e8mes agroforestiers en C\u00f4te d\u2019Ivoire, en Afrique et dans le monde.<\/p>\n\n\n\n<figure class=\"wp-block-image size-large is-resized\"><img loading=\"lazy\" decoding=\"async\" src=\"https:\/\/agroforestryalliance.com\/wp-content\/uploads\/2023\/03\/Capture-decran-2023-03-15-210147-1024x716.png\" alt=\"\" class=\"wp-image-121\" width=\"676\" height=\"472\" srcset=\"https:\/\/agroforestryalliance.com\/wp-content\/uploads\/2023\/03\/Capture-decran-2023-03-15-210147-1024x716.png 1024w, https:\/\/agroforestryalliance.com\/wp-content\/uploads\/2023\/03\/Capture-decran-2023-03-15-210147-300x210.png 300w, https:\/\/agroforestryalliance.com\/wp-content\/uploads\/2023\/03\/Capture-decran-2023-03-15-210147-768x537.png 768w, https:\/\/agroforestryalliance.com\/wp-content\/uploads\/2023\/03\/Capture-decran-2023-03-15-210147.png 1063w\" sizes=\"auto, (max-width: 676px) 100vw, 676px\" \/><\/figure>\n","protected":false},"excerpt":{"rendered":"<p>Dr Annick Victoire KOULIBALY est actuellement Enseignant-chercheur au Laboratoire d\u2019Am\u00e9lioration de la Production de l\u2019Unit\u00e9 de Formation et de Recherche en Agroforesterie, de l\u2019Universit\u00e9 Jean Lorougnon Gu\u00e9d\u00e9. Elle est titulaire d\u2019un Doctorat en Botanique et Biologie V\u00e9g\u00e9tale option Gestion des Ressources Naturelles. Ses enseignements concernent la biodiversit\u00e9, l\u2019\u00e9cologie, les syst\u00e8mes agroforestiers et les services \u00e9cosyst\u00e9miques&#8230;<\/p>\n","protected":false},"author":1,"featured_media":0,"parent":0,"menu_order":0,"comment_status":"closed","ping_status":"closed","template":"","meta":{"footnotes":""},"class_list":["post-91","page","type-page","status-publish","hentry"],"_links":{"self":[{"href":"https:\/\/agroforestryalliance.com\/index.php\/wp-json\/wp\/v2\/pages\/91","targetHints":{"allow":["GET"]}}],"collection":[{"href":"https:\/\/agroforestryalliance.com\/index.php\/wp-json\/wp\/v2\/pages"}],"about":[{"href":"https:\/\/agroforestryalliance.com\/index.php\/wp-json\/wp\/v2\/types\/page"}],"author":[{"embeddable":true,"href":"https:\/\/agroforestryalliance.com\/index.php\/wp-json\/wp\/v2\/users\/1"}],"replies":[{"embeddable":true,"href":"https:\/\/agroforestryalliance.com\/index.php\/wp-json\/wp\/v2\/comments?post=91"}],"version-history":[{"count":17,"href":"https:\/\/agroforestryalliance.com\/index.php\/wp-json\/wp\/v2\/pages\/91\/revisions"}],"predecessor-version":[{"id":266,"href":"https:\/\/agroforestryalliance.com\/index.php\/wp-json\/wp\/v2\/pages\/91\/revisions\/266"}],"wp:attachment":[{"href":"https:\/\/agroforestryalliance.com\/index.php\/wp-json\/wp\/v2\/media?parent=91"}],"curies":[{"name":"wp","href":"https:\/\/api.w.org\/{rel}","templated":true}]}}